 factors of i?
2, 7
Suppose -i + 2*s + 368 = -1098, 4*s + 20 = 0. What are the prime factors of i?
2, 7, 13
Let s = 30 + -30. Suppose -6*q + 8*q - 58 = s. List the prime factors of q.
29
Let i = -462 - -733. Suppose -5*t + 1002 = 4*q - 182, -q + i = -5*t. What are the prime factors of q?
3, 97
Suppose 0 = -4*z - 8, -4*n + 0*n + 3*z + 214 = 0. Let i = -22 + n. List the prime factors of i.
2, 3, 5
List the prime factors of 5090 + 2 + 66/(-6).
5081
Suppose 3 = 5*l - 37. Suppose 0 = l*b - 1179 - 277. List the prime factors of b.
2, 7, 13
Let v(w) = 232*w**3 + 1. Let c be v(-1). Let p = c - -331. What are the prime factors of p?
2, 5
Let v = -972 + 2535. What are the prime factors of v?
3, 521
Let q(r) = -r**3 + 9*r**2 + 11*r - 12. Let n be q(10). What are the prime factors of 79 - n*(3 - 4)?
7, 11
What are the prime factors of (986/102)/(-1 - 110/(-108))?
2, 3, 29
Let r(s) be the second derivative of -s**4/12 - 7*s**3/6 + 4*s**2 + 6*s. Let i be r(-7). Suppose u - 5*x = -14, 5*u - 48 = 3*x - i. List the prime factors of u.
11
Suppose 99 = 3*n - 315. What are the prime factors of n/18*3*6?
2, 3, 23
Suppose -209*h = -215*h + 1110. What are the prime factors of h?
5, 37
Let d be ((-3)/(-2))/(6/12). Let w(f) = -f**3 + 3*f**2 + 3*f - 3. Let n be w(d). Let g = n - -7. List the prime factors of g.
13
Suppose 2*g - 106 = -2*q, 4*q - 55 - 163 = -g. Let x = 156 - q. List the prime factors of x.
101
Let l be (4 - 8) + 1 + 7. Suppose -g = l*r, 3*g + 5 = -7. Let s(t) = 54*t**2 - 3*t + 2. List the prime factors of s(r).
53
Suppose 3*b + 0*b = 75. Suppose 0*i + 4*x - 255 = -5*i, 0 = -5*x - b. What are the prime factors of i?
5, 11
Suppose 0 = 116*r - 643719 + 212547. What are the prime factors of r?
3, 7, 59
Let m(s) = 7*s**2 - 8*s. List the prime factors of m(3).
3, 13
Let a = -40 + 60. Suppose -2*x = -7*x + a. Suppose -x*b + 8*b - 128 = 0. List the prime factors of b.
2
Suppose 205 = 2*c - 185. Suppose 3*j - c = 372. What are the prime factors of j?
3, 7
Suppose -g - 3*c = -126, g = -0*c - 2*c + 128. List the prime factors of g.
2, 3, 11
Let u(j) = 9*j - 13. Let r be u(10). Let v be 123/(3/(-1) + 4). Let k = v - r. List the prime factors of k.
2, 23
Suppose 2*l = -2*o + 18, -4*o + 9*o + 2*l = 33. Suppose 2 - 32 = -o*u. Let g(t) = 2*t**2 - 6*t - 11. List the prime factors of g(u).
5
Let l = -345 + 505. What are the prime factors of l?
2, 5
Let f = 21 - 21. Suppose -2*a - 2*k - 4 = 8, f = 5*k + 15. What are the prime factors of a*(-1)/(3/20)?
2, 5
Let g be (-2)/8 - (-21)/4. Let y = -81 + 212. Suppose -g*k - 2*a = -y, -k + 31 = -a - a. What are the prime factors of k?
3
Suppose 9*f = 7*f. Let h(o) = 4*o**3 + o**2 + 5*o + 7. Let d(g) = 3*g**3 + g**2 + 4*g + 7. Let s(a) = 5*d(a) - 4*h(a). List the prime factors of s(f).
7
Let h(a) = -a**2 + 15*a - 18. Let t be h(15). Let y(q) = -q**3 - 6*q**2 - 3*q - 5. Let j be y(-5). Let l = j - t. What are the prime factors of l?
3
Suppose 0 = 3*t - 3*d - 2*d - 2235, 2*t - 1471 = -3*d. List the prime factors of t.
2, 5, 37
Let d be 6/9*174/4. Suppose -4*y = -y + 15. Let u = d + y. What are the prime factors of u?
2, 3
Let v(r) = r**3 + 12*r**2 + 6*r + 12. Let y be v(-11). Suppose -5*x + 77 = -a, -3*a = 4*x - 2*a - y. List the prime factors of x.
2
Suppose 4*j + 1080 = 3*n - 0*j, 5*n - 2*j - 1786 = 0. What are the prime factors of n?
2, 89
Let z(o) = 6*o**2 - 3*o - 273. List the prime factors of z(-28).
3, 5, 7, 43
List the prime factors of ((-6)/(-3))/((-19)/(-3287)).
2, 173
Let n(q) be the first derivative of q**3 - 6*q**2 + 24*q + 39. List the prime factors of n(7).
3, 29
Let j(i) = -i**2 - 3*i + 1. Let f be j(-4). Let u = f + 3. Suppose u*g = 3*g - 18. What are the prime factors of g?
2, 3
Let y = -5 - -20. What are the prime factors of (y/10)/(12/1024)?
2
Let r be (-24)/(-60) - (-16)/10. What are the prime factors of 2 - r - (-1 - -1) - -121?
11
Let t(g) = 8*g - 31. Let b(s) = -s. Let p(i) = -6*b(i) - t(i). List the prime factors of p(-20).
71
Let x = -256 + -74. List the prime factors of x/(-9) + 3/9.
37
Let d(k) = -k**3 + 25*k**2 + 2*k - 48. Let j be d(25). List the prime factors of j/(-10) + 2 + 1524/20.
2, 3, 13
Let s be -1*(0 + -1)*7. Suppose 3*g = s*g - 68. What are the prime factors of g?
17
Let q be -3 - (-4)/(-8)*-10. Let r(p) = -7*p + 3*p - 3*p - q*p. What are the prime factors of r(-5)?
3, 5
Let c be 1310/15 + -5 + (-2)/(-3). Let d = -8 + 9. Suppose -2*s + 30 - c = -u, 0 = s - d. What are the prime factors of u?
5, 11
Let p be -2781 + 0 - (-12)/12. What are the prime factors of ((-16)/20)/(((-48)/p)/(-6))?
2, 139
Let d(j) = 28*j**2 + 2*j. Let p be d(-2). Let a = p - 65. Suppose 3*g - 33 = 3*f, f + a = 5*g - f. What are the prime factors of g?
7
Let j(o) = 3*o. Let v be j(1). Suppose v*n = -3*d + 240, 190 = 2*n + 4*d + 20. Suppose n = 5*h - 5. List the prime factors of h.
2
Suppose 2*o = -6 + 2. Let m be -3 - o/((-6)/75). Let x = -10 - m. What are the prime factors of x?
2, 3
Suppose 5*d = -0*d + 3*o + 22, 6 = -5*d - 4*o. Suppose -d*m = -3*m + 59. What are the prime factors of m?
59
Suppose 0 = 7*x - 8*x - 20. Let v = 195 - x. List the prime factors of v.
5, 43
Let h(t) = 11*t**2 - 8*t - 15. Let j be h(5). Suppose 4*f + j = 2*i + 18, 0 = 5*f - 20. What are the prime factors of i?
109
Let n(w) = w**3 + 3*w**2 - 9*w - 16. Let t be n(-4). List the prime factors of 1/t*102*8.
2, 3, 17
Let i(d) = 14*d + 2*d**2 + 1 + 19 - 3*d**2. What are the prime factors of i(9)?
5, 13
Suppose -5*n - 15 + 25 = 0. Suppose -4*h + h + 2*v = -256, -n*v + 80 = h. What are the prime factors of h?
2, 3, 7
Suppose 0 = 19*o + 9*o - 15344. What are the prime factors of o?
2, 137
Suppose 4*p = 6*p + 66. Let b(h) = -2*h + 99. What are the prime factors of b(p)?
3, 5, 11
Let u be ((-1)/5)/1 - (-882)/35. Suppose 5*v + 2*f = 193, -v + f + 2*f = -u. List the prime factors of v.
37
Suppose 2*a + 12 = 4*a. Let o(j) = 3*j**3 + 7*j - 2*j**3 + 5*j**2 - 2*j**2 + a*j**2 - 1. List the prime factors of o(-5).
2
Let g(n) = -149*n - 110. List the prime factors of g(-12).
2, 839
Let t = -1145 - -3845. What are the prime factors of t?
2, 3, 5
Suppose -5*h + 5*z + 510 = 0, 5*z + 40 + 173 = 2*h. Suppose h*j + 892 = 103*j. List the prime factors of j.
223
Let p = -9 - -7. Let w be (4/(2 - p))/(-1). Let g(t) = -25*t**3 + t**2 + 2*t + 1. What are the prime factors of g(w)?
5
Suppose -7097 = -41*h - 6*h. List the prime factors of h.
151
Let v = -518 + 814. Suppose 0 = -r - 3*r - v. Let w = -30 - r. List the prime factors of w.
2, 11
Let h = -109 + 127. Suppose 5*i + 24 = -1. List the prime factors of (-2 - i/2)*h.
3
Suppose -4*y - 25 = -f, 2*y - y = -5*f + 20. Let q be y/(-10)*8/(-2). List the prime factors of (3/q)/((-18)/312).
2, 13
Suppose 6007 = 7*y + 2241. What are the prime factors of y?
2, 269
What are the prime factors of (1576/6)/(44/66)?
2, 197
Let t = -92 + 94. Suppose 8*i - t*i = 1284. List the prime factors of i.
2, 107
Suppose 7*h - h = -54. Let f = h + 25. What are the prime factors of f?
2
Let g(v) be the third derivative of -v**6/120 + 11*v**5/60 + 3*v**4/4 - 2*v**3/3 + 2*v**2. List the prime factors of g(12).
2, 17
Let p(a) = -2*a**2 + 8*a + 4. Let m be p(5). Let b(t) = 2*t**2 + 5*t - 21. What are the prime factors of b(m)?
3, 7
Let h(k) = k**3 + 7*k**2 + 2*k + 17. Let j be h(-7). Suppose j*d + 5*f = 526, -2*d = 2*f - 432 + 80. Suppose -a - 2*a + d = 0. What are the prime factors of a?
59
Suppose 29*w + 14256 = 62*w. What are the prime factors of w?
2, 3
Let k be ((-6)/8)/(1/(-12)). Let v(o) = 8*o**2 + 6 - 8*o + 17*o - 2 + 3 - o**3. What are the prime factors of v(k)?
7
Suppose -24125 = -29*y - 4202. List the prime factors of y.
3, 229
Suppose 216 = 5*w - 29224. List the prime factors of w.
2, 23
What are the prime factors of 1409 + 13/(52/(-8)) - 6?
3, 467
Let q = 58 - -1. Suppose -5*y = 3*x + q, 0 = -2*x + 5*x - 2*y + 52. Let b = x - -29. List the prime factors of b.
11
Suppose -11*t = -9*t - 524. Let h = -128 + t. List the prime factors of h.
2, 67
Let w(l) = 575*l**2 + 8*l - 8. What are the prime factors of w(1)?
5, 23
Suppose -8*t - 4*h + 848 = -7*t, 2*t = 5*h + 1644. What are the prime factors of t?
2, 13
Let v(x) = 48*x - 46. What are the prime factors of v(5)?
2, 97
Let v = -1002 + 5304. List the prime factors of v.
2, 3, 239
Let j(v) = 13*